reds digit of 857?
8
What is the hundred thousands digit of 134920?
1
What is the units digit of 346?
6
What is the thousands digit of 1153?
1
What is the units digit of 5171?
1
What is the tens digit of 257?
5
What is the hundreds digit of 8039?
0
What is the hundreds digit of 8516?
5
What is the ten thousands digit of 153613?
5
What is the hundreds digit of 44060?
0
What is the tens digit of 13839?
3
What is the hundreds digit of 1218?
2
What is the thousands digit of 1559?
1
What is the units digit of 33163?
3
What is the hundreds digit of 8028?
0
What is the thousands digit of 18143?
8
What is the hundreds digit of 2469?
4
What is the units digit of 306?
6
What is the ten thousands digit of 26346?
2
What is the units digit of 2055?
5
What is the units digit of 9843?
3
What is the hundreds digit of 1988?
9
What is the hundreds digit of 22575?
5
What is the thousands digit of 60942?
0
What is the tens digit of 3217?
1
What is the thousands digit of 16063?
6
What is the tens digit of 72966?
6
What is the hundreds digit of 630?
6
What is the tens digit of 1289?
8
What is the thousands digit of 1282?
1
What is the thousands digit of 1740?
1
What is the units digit of 6703?
3
What is the units digit of 1017?
7
What is the ten thousands digit of 28449?
2
What is the tens digit of 23979?
7
What is the units digit of 34284?
4
What is the hundreds digit of 60964?
9
What is the thousands digit of 4025?
4
What is the tens digit of 27?
2
What is the ten thousands digit of 94216?
9
What is the thousands digit of 19380?
9
What is the units digit of 74405?
5
What is the tens digit of 5550?
5
What is the thousands digit of 1163?
1
What is the tens digit of 5266?
6
What is the thousands digit of 3237?
3
What is the units digit of 876?
6
What is the hundreds digit of 1147?
1
What is the units digit of 7752?
2
What is the units digit of 18269?
9
What is the ten thousands digit of 23816?
2
What is the thousands digit of 6595?
6
What is the units digit of 6247?
7
What is the tens digit of 4992?
9
What is the hundreds digit of 641?
6
What is the hundreds digit of 15751?
7
What is the tens digit of 3321?
2
What is the units digit of 3903?
3
What is the tens digit of 5507?
0
What is the units digit of 51993?
3
What is the tens digit of 16873?
7
What is the thousands digit of 2616?
2
What is the tens digit of 206?
0
What is the hundreds digit of 166?
1
What is the ten thousands digit of 35634?
3
What is the units digit of 26711?
1
What is the units digit of 1308?
8
What is the thousands digit of 7752?
7
What is the hundreds digit of 274?
2
What is the tens digit of 21855?
5
What is the thousands digit of 1298?
1
What is the units digit of 3886?
6
What is the hundreds digit of 2439?
4
What is the tens digit of 167881?
8
What is the thousands digit of 6771?
6
What is the tens digit of 63455?
5
What is the tens digit of 13092?
9
What is the thousands digit of 1254?
1
What is the tens digit of 32905?
0
What is the ten thousands digit of 35875?
3
What is the tens digit of 103373?
7
What is the tens digit of 764?
6
What is the units digit of 7686?
6
What is the ten thousands digit of 12985?
1
What is the units digit of 268?
8
What is the hundreds digit of 3406?
4
What is the units digit of 799?
9
What is the hundreds digit of 165488?
4
What is the ten thousands digit of 26451?
2
What is the thousands digit of 5386?
5
What is the thousands digit of 3086?
3
What is the hundreds digit of 5704?
7
What is the tens digit of 1218?
1
What is the thousands digit of 61485?
1
What is the tens digit of 2164?
6
What is the ten thousands digit of 33683?
3
What is the hundreds digit of 13472?
4
What is the ten thousands digit of 35130?
3
What is the ten thousands digit of 130642?
3
What is the units digit of 107?
7
What is the hundreds digit of 51729?
7
What is the tens digit of 2635?
3
What is the units digit of 696?
6
What is the units digit of 726?
6
What is the units digit of 3053?
3
What is the hundreds digit of 531?
5
What is the units digit of 12760?
0
What is the units digit of 3607?
7
What is the tens digit of 13166?
6
What is the units digit of 4836?
6
What is the hundreds digit of 75359?
3
What is the thousands digit of 7596?
7
What is the tens digit of 2007?
0
What is the hundreds digit of 1881?
8
What is the thousands digit of 45503?
5
What is the hundreds digit of 4725?
7
What is the tens digit of 2613?
1
What is the tens digit of 12751?
5
What is the tens digit of 604?
0
What is the thousands digit of 27615?
7
What is the tens digit of 4599?
9
What is the ten thousands digit of 15661?
1
What is the thousands digit of 35308?
5
What is the tens digit of 8390?
9
What is the thousands digit of 152728?
2
What is the units digit of 925?
5
What is the tens digit of 97235?
3
What is the hundreds digit of 826?
8
What is the thousands digit of 8064?
8
What is the units digit of 284?
4
What is the hundreds digit of 32535?
5
What is the units digit of 8444?
4
What is the hundreds digit of 5817?
8
What is the units digit of 3389?
9
What is the tens digit of 19565?
6
What is the ten thousands digit of 80709?
8
What is the ten thousands digit of 75982?
7
What is the thousands digit of 2005?
2
What is the units digit of 3563?
3
What is the thousands digit of 69219?
9
What is the thousands digit of 52065?
2
What is the ten thousands digit of 38980?
3
What is the tens digit of 13378?
7
What is the hundreds digit of 2601?
6
What is the units digit of 2152?
2
What is the tens digit of 11063?
6
What is the thousands digit of 3334?
3
What is the units digit of 569?
9
What is the hundreds digit of 1341?
3
What is the tens digit of 24667?
6
What is the ten thousands digit of 36558?
3
What is the tens digit of 6036?
3
What is the hundreds digit of 1261?
2
What is the hundreds digit of 9534?
5
What is the tens digit of 101?
0
What is the thousands digit of 1521?
1
What is the thousands digit of 10684?
0
What is the thousands digit of 2916?
2
What is the units digit of 10069?
9
What is the ten thousands digit of 48393?
4
What is the units digit of 31296?
6
What is the hundreds digit of 4612?
6
What is the tens digit of 65943?
4
What is the hundreds digit of 158894?
8
What is the ten thousands digit of 10297?
1
What is the tens digit of 4402?
0
What is the thousands digit of 1267?
1
What is the hundred thousands digit of 110159?
1
What is the tens digit of 86580?
8
What is the units digit of 1189?
9
What is the units digit of 16770?
0
What is the tens digit of 32338?
3
What is the units digit of 1046?
6
What is the units digit of 1095?
5
What is the thousands digit of 5127?
5
What is the tens digit of 9543?
4
What is the units digit of 6030?
0
What is the hundreds digit of 965?
9
What is the hundreds digit of 65168?
1
What is the thousands digit of 18511?
8
What is the units digit of 26303?
3
What is the hundreds digit of 1151?
1
What is the ten thousands digit of 79512?
7
What is the units digit of 210?
0
What is the hundreds digit of 12799?
7
What is the hundreds digit of 6996?
9
What is the units digit of 11644?
4
What is the hundreds digit of 9566?
5
What is the thousands digit of 102667?
2
What is the units digit of 18370?
0
What is the tens digit of 15571?
7
What is the tens digit of 1318?
1
What is the hundreds digit of 831?
8
What is the tens digit of 13297?
9
What is the units digit of 4884?
4
What is the thousands digit of 109245?
9
What is the units digit of 8912?
2
What is the tens digit of 110668?
6
What is the thousands digit of 2871?
2
What is the thousands digit of 42686?
2
What is the tens digit of 2661?
6
What is the tens digit of 2340?
4
What is the tens digit of 7504?
0
What is the ten thousands digit of 10966?
1
What is the tens digit of 5549?
4
What is the tens digit of 53716?
1
What is the units digit of 19490?
0
What is the units digit of 61975?
5
What is the units digit of 18332?
2
What is the units digit of 760?
0
What is the hundreds digit of 2876?
8
What is the hundreds digit of 301?
3
What is the units digit of 9442?
2
What is the ten thousands digit of 34588?
3
What is the hundreds digit of 1070?
0
What is the units digit of 3035?
5
What is the tens digit of 4498?
9
What is the units digit of 349?
9
What is the thousands digit of 1046?
1
What is the thousands digi